he remainder when u is divided by 12.
9
Suppose 0 = 4*y - 12, 7*f - 9*f - 4*y + 110 = 0. What is the remainder when 96 + (-3)/(-9) + (-6)/(-9) is divided by f?
48
Calculate the remainder when (62/((-2 - -7)/1))/(70/175) is divided by 25.
6
Let d = -544 + 542. Calculate the remainder when 41 is divided by (-9 - -14) + (1 - d)*6.
18
Let u(r) = -33*r**2 - 217*r + 43. What is the remainder when u(-6) is divided by 77?
3
Suppose 4*h + 5*l = 101, -38 = -3*h - 4*l + 37. Let s = -131 + 183. Calculate the remainder when s is divided by h.
23
Let n(r) = -r**2 - r + 35. Let b be 6*((-689)/(-12) - 14/(-56)). Suppose b = 2*k + 146. Calculate the remainder when k is divided by n(0).
30
Calculate the remainder when 570 is divided by (3*-10)/5 - 1/((-8)/1000).
94
Suppose 290*l - 105430 - 37540 = 0. What is the remainder when l is divided by 71?
67
Let u(j) = 5*j**2 - 273*j + 220. What is the remainder when 693 is divided by u(54)?
55
Let r(i) = i**2 + 10*i + 21. Suppose -4*t = c + 2, 3*c + 0*t + 17 = -t. Let d be r(c). What is the remainder when d/(-15) + (219/5 - 2) is divided by 22?
20
Let n be (-2)/(-10) + (-696)/(-20). Suppose n = 2*v + 5*v. Calculate the remainder when 15 is divided by v.
0
Let u = 12 + 37. Let g(r) = -r - 5. Let q be ((-36)/45)/((-2)/(-55)). What is the remainder when u is divided by g(q)?
15
Let o = -172 + 245. Let r = -299 - -297. Calculate the remainder when o is divided by -4 - r - (-24 + 12 + -5).
13
Calculate the remainder when 8148/39 + (-22)/(-286) is divided by 152.
57
Suppose 102*g - 249157 = -g. What is the remainder when g is divided by 9?
7
Let l = 20218 - 20207. Let j = -164 + 326. Calculate the remainder when j is divided by l.
8
Suppose -3*r + 9 = 3*i - 3, 0 = -3*r. Let w be (-1 + -7 + i)*-4. Let x = -5 + w. What is the remainder when 18 is divided by x?
7
Suppose -m + 79 = -3*r, 49*m - 53*m + 260 = 2*r. What is the remainder when 467 is divided by m?
65
Suppose 5*l - 234 = -4*r, 2*r + 24 = l - 20. What is the remainder when 1002 is divided by l?
36
Let l = 42234 + -41804. Calculate the remainder when l is divided by 24.
22
Let u = 1177 + -1144. What is the remainder when 335 is divided by u?
5
Suppose 0 = -35*s + 13*s + 44. Let r = 37 + -25. Suppose -2*q + s*g + 44 + r = 0, 3*g = 0. What is the remainder when 53 is divided by q?
25
Suppose 233 + 46 = -3*b. Let n = 92 + b. Let g(z) = -96*z + 1. What is the remainder when g(n) is divided by 25?
22
Suppose -5742 = -5637*q + 5619*q. Calculate the remainder when q is divided by 65.
59
Let b = -547 + 929. What is the remainder when b is divided by 34?
8
Suppose -4*m + 5*c - 7*c = -1016, 5*m + c - 1276 = 0. Let p = m - 212. Calculate the remainder when p is divided by 24.
20
Suppose -37 + 61 = 3*f. Suppose 10*t = f*t. Calculate the remainder when (-2)/(-8) + t - 161/(-28) is divided by 3.
0
Suppose 316*b - 319*b + 372 = -2*c, -2*b - 3*c = -261. What is the remainder when 1263 is divided by b?
3
Suppose -3*i = z - 277, -5*z - 219 = -3*i - 1514. Suppose 0 = 38*h + z - 3340. What is the remainder when h is divided by 31?
19
Suppose 2*f - 4*s = 90, f + 4*s - 27 - 24 = 0. Let p(d) = -3*d**2 + 4*d - 5. Let y be p(2). Let b = 19 + y. What is the remainder when f is divided by b?
7
Suppose 13*o - 3507 = -2*o - 6*o. Calculate the remainder when 2502 is divided by o.
164
Suppose 17*b + 24 + 10 = 0. What is the remainder when (-3 + (b - 12))*-2 is divided by 31?
3
Let y = -443 - -150. Let l = y - -539. Calculate the remainder when l is divided by 19.
18
Let s be (3 + 3)*((-2)/(-6))/1. Suppose 0 = -l - l + 4, 4*f - 5*l + 18 = 0. Calculate the remainder when s*f*(-3 + 4)*-2 is divided by 7.
1
Let m = 343450 - 343384. What is the remainder when m is divided by 47 - (-2)/(-1) - 0?
21
Let p(a) = -209*a - 7. Let c be p(2). Let u = c - -443. What is the remainder when 305 is divided by u?
17
Let i(a) = -a**3 - 38*a**2 + 12*a + 477. What is the remainder when 6296 is divided by i(-38)?
17
What is the remainder when (-1 + 3)*((-225)/25 - -93) is divided by 31?
13
Let v be -4 + 7 + 1 + -6. What is the remainder when 201 - (18/(-2) - v) is divided by 46?
24
Let y be 4/(-3)*6 + 5. Calculate the remainder when ((-22)/y + -6)*30 is divided by 11.
7
Suppose 2*h = -5*q + 157 + 81, -5*h - 80 = -q. What is the remainder when 301 is divided by q?
1
Let c be ((-6)/(-12))/(8/272). Suppose -s = -3*t - c - 2, 4 = -4*t. What is the remainder when 48 is divided by s?
0
Suppose -96*s + 18663 = -41544 - 5745. What is the remainder when s is divided by 23?
20
Suppose 90 = 2*c - 3*x, 36 = 3*c - 2*x - 104. What is the remainder when 3 - (-1 - -3) - (-8022)/21 is divided by c?
47
Let o(y) = -y**2. Let j(q) = -3*q**2 + 2*q + 5. Let b(r) = j(r) - 4*o(r). Let p = -99 + 116. What is the remainder when b(-6) is divided by p?
12
Let m = -946 + 984. Calculate the remainder when 2620 is divided by m.
36
Let h(t) = 3*t**2 + 255*t + 551. What is the remainder when h(-84) is divided by 89?
32
Suppose 0 = -5*u - 2*n + 22, -2*n = 2*u - 0 - 10. Suppose 3605 - 377 = u*j. What is the remainder when j is divided by 15?
12
Suppose 0 = 4*j - 3*t + 4*t - 38, -4*t - 8 = 0. Suppose -313 + 773 = j*h. What is the remainder when h is divided by 19?
8
Let l(d) = d**3 + 5*d**2 - 181*d - 1038. What is the remainder when 111 is divided by l(-6)?
3
Let p(s) = -s + 6. Let t be p(9). Let g be (-7)/(7/2152) - (t + 1). Calculate the remainder when 6/27 + (g/(-9))/5 is divided by 25.
23
Suppose 0*g = 15*g - 75. Suppose 5*r - 891 + 126 = -g*t, -2 = -2*t. Calculate the remainder when r is divided by 23.
14
Suppose 10 = 2*q - 34. Calculate the remainder when (6/3)/2 - (-803 - 17)/10 is divided by q.
17
Suppose -11*i + 2662 = 2321. Calculate the remainder when 5573 is divided by i.
24
Let p(c) = -26*c - 2*c + 24 - 8*c + 5*c. Suppose -3*y + 81 = 3*o, 2*y - o - 3 = 57. Calculate the remainder when p(-2) is divided by y.
28
Let g be (2*(-2)/(-8) + -1)*0. Let t be (90/(-12))/((-3)/(-8) - g). Calculate the remainder when t/(-3)*(0 + (-21)/(-2)) is divided by 18.
16
Suppose -38*f + 147*f + 1955 = 15689. Calculate the remainder when 382 is divided by f.
4
Suppose 8*u = -29 - 67. What is the remainder when -4 + (u/3 - -175) is divided by 42?
41
Let t = 2452 - 2385. Calculate the remainder when 122 is divided by t.
55
Let l(c) = -c**3 - 11*c**2 + 97*c + 67. Calculate the remainder when l(-17) is divided by 12.
8
Suppose -8 = -2*f + 3*f + 3*h, -3*h - 50 = -5*f. Let x(c) = -2*c - 28 - 2*c - 2*c - f. What is the remainder when 96 is divided by x(-10)?
21
Suppose -2*z + 7*z - 2 = -2*j, -24 = -2*z + 5*j. Suppose -u + 3*u = g + 80, -z*u + 3*g + 80 = 0. Calculate the remainder when 158 is divided by u.
38
Suppose -3*t = -5*s - 16, -5*t + 8*t - 4 = -s. Suppose v = n + 2 - 35, -t*v - 101 = -3*n. What is the remainder when 419 is divided by n?
34
Let c(u) = -19*u + 130. Let p be c(4). What is the remainder when 105 + (p/24 - 6/(-8)) is divided by 38?
32
Let d be (4/12)/((-5)/(-615)). Let y(l) = 5*l + 2*l - d + l**2 - 20. What is the remainder when y(-19) is divided by 13?
11
Suppose -4*b = -3*i + 92, -136*i = -139*i + b + 77. Calculate the remainder when 1358 is divided by i.
14
Suppose 4*z = a - 1228 - 2066, 6618 = 2*a - 2*z. Calculate the remainder when a is divided by 1104.
2
Let g = 3989 - 3963. Calculate the remainder when 86 is divided by g.
8
Suppose 274 = 5*k + 44. What is the remainder when (7 - 10 - 4)*(-15)/((-840)/(-688)) is divided by k?
40
Let f(h) = -h**3 - 52*h**2 - 104*h - 69. Calculate the remainder when 397 is divided by f(-50).
4
Let q(n) = -155*n + 161. Let o be q(-4). Let r = o + -763. What is the remainder when 25 is divided by r?
7
Suppose -5*s + 2*y = 95, 3*y - 21 = 5*s + 74. Let p(u) = -12*u - 116. What is the remainder when p(s) is divided by 21?
7
Let o(g) = 180*g**2 - 83*g**2 - 93*g**2 - 11 + 5*g. Calculate the remainder when o(-6) is divided by 18.
13
Let q be 21/9 - 2/(-3). Suppose 0 = -2*s + 2*x + 28, -q*s + 2*x + 35 = 6*x. Calculate the remainder when -4*((-20)/(-2))/(32/(-20)) is divided by s.
12
Suppose -2*s + b - 896 = 1282, -4*b = 2*s + 2168. Let p = s + 1637. Calculate the remainder when p is divided by 23.
20
Let q = -387 - -652. Suppose 268*i - q*i = 63. What is the remainder when 140 is divided by i?
14
Suppose -4*j = 5*u - 26, 0